site number?
True
Is 28350194189 a prime number?
False
Is 17314640591 a prime number?
True
Is 894681901 a composite number?
True
Is 1466401809 composite?
True
Is 2838082243 a composite number?
False
Is 1288878937 prime?
True
Is 8479341037 prime?
True
Is 30782861851 a composite number?
True
Is 38631576619 composite?
False
Is 113213033 composite?
True
Is 2598642481 a prime number?
False
Is 4907267747 prime?
False
Is 100376138101 composite?
False
Is 559542079 a prime number?
True
Is 8349893 a composite number?
True
Is 4746547357 a composite number?
False
Is 98663003363 a prime number?
True
Is 165128657 a prime number?
True
Is 476036953 composite?
True
Is 32164687879 composite?
False
Is 107737583 a prime number?
False
Is 347538707 composite?
False
Is 11772438413 a composite number?
True
Is 1202804147 a prime number?
True
Is 143416127 a prime number?
True
Is 66674380073 composite?
True
Is 101363531 composite?
False
Is 508953881 a composite number?
False
Is 734093573 composite?
True
Is 4283136149 prime?
True
Is 4238579629 composite?
False
Is 1871241803 a composite number?
False
Is 159520957 a prime number?
True
Is 298405181 a prime number?
True
Is 4519918049 prime?
False
Is 55643395163 a composite number?
True
Is 28716243097 a prime number?
True
Is 854363479 prime?
True
Is 8107294829 composite?
False
Is 1449195887 a prime number?
True
Is 532425017 a prime number?
True
Is 10565523151 composite?
True
Is 740810843 composite?
False
Is 150253019 a prime number?
False
Is 4875681301 a composite number?
False
Is 2163753289 prime?
False
Is 11660779241 a prime number?
False
Is 4353033397 composite?
False
Is 3297631613 prime?
True
Is 3156615299 prime?
False
Is 21377288861 composite?
True
Is 50268243593 a composite number?
True
Is 7252884187 prime?
False
Is 211250183 a composite number?
False
Is 24460231969 a prime number?
True
Is 464999111 a composite number?
True
Is 12380126939 a prime number?
False
Is 658390186 prime?
False
Is 2693493631 a prime number?
False
Is 15981094289 prime?
True
Is 45474731869 prime?
False
Is 16323324439 a composite number?
False
Is 19192743863 a prime number?
False
Is 20038213901 prime?
True
Is 4092755689 a prime number?
False
Is 7910785757 a prime number?
False
Is 61193293183 a prime number?
False
Is 167306964742 prime?
False
Is 9566244161 a prime number?
True
Is 625012958 a composite number?
True
Is 2448071491 composite?
True
Is 1002425747 a prime number?
False
Is 720570581 prime?
False
Is 5197215733 prime?
True
Is 652035193 a prime number?
True
Is 9134730629 prime?
True
Is 22509629713 a prime number?
False
Is 46614967799 composite?
False
Is 7324002146 a composite number?
True
Is 29949398489 a prime number?
False
Is 77593854683 a composite number?
False
Is 4499249287 a composite number?
True
Is 181722647 a prime number?
True
Is 6249702799 a composite number?
True
Is 41511690559 prime?
True
Is 4541659349 a prime number?
False
Is 88865392223 composite?
True
Is 865017589 a composite number?
True
Is 233738669591 prime?
False
Is 1603640153 prime?
True
Is 713195167 prime?
False
Is 28379957519 prime?
False
Is 1192394765 a prime number?
False
Is 903250679 prime?
True
Is 176494212403 composite?
False
Is 8854954217 a prime number?
False
Is 3621914383 a prime number?
True
Is 1735001971 a composite number?
False
Is 29685436009 a composite number?
False
Is 27503724523 a composite number?
True
Is 14313642971 a prime number?
True
Is 8136068441 composite?
False
Is 36253008151 a prime number?
False
Is 3213888977 prime?
False
Is 287262961 a composite number?
True
Is 489865547 prime?
True
Is 4833796321 a prime number?
True
Is 3373499 a prime number?
True
Is 121174860187 a prime number?
False
Is 2886824657 a composite number?
False
Is 5947789 a composite number?
True
Is 90937919 prime?
True
Is 3366460523 prime?
True
Is 83431169 prime?
False
Is 730708553 prime?
True
Is 25166253929 a prime number?
True
Is 113057261 a composite number?
False
Is 12791592321 a prime number?
False
Is 1299743749 composite?
False
Is 8667543943 a prime number?
False
Is 1170397013 prime?
True
Is 129865997 composite?
True
Is 2705140813 a prime number?
False
Is 14671129247 composite?
False
Is 12634421093 a prime number?
False
Is 1369320047 a composite number?
True
Is 19035056717 a prime number?
False
Is 19420528403 prime?
True
Is 4390232179 a prime number?
True
Is 4541797739 a prime number?
False
Is 341352287 a composite number?
False
Is 317527 a prime number?
False
Is 139228465933 a prime number?
True
Is 165039313 composite?
False
Is 1165810939 a prime number?
True
Is 741368377 a composite number?
False
Is 63750059 prime?
False
Is 408717143 prime?
True
Is 43786625461 a prime number?
False
Is 11211639041 prime?
False
Is 308093453 a composite number?
True
Is 346224247 composite?
False
Is 9690641039 a composite number?
False
Is 2835882703 a composite number?
False
Is 957643499 a prime number?
True
Is 3655464247 prime?
False
Is 917075359 prime?
True
Is 17909431 prime?
True
Is 6808374943 a composite number?
True
Is 2837782009 composite?
False
Is 1357893227 prime?
False
Is 52109908027 prime?
False
Is 38561099 composite?
False
Is 4357453097 composite?
False
Is 57713022181 a prime number?
True
Is 41087126933 a prime number?
True
Is 4883283479 prime?
False
Is 1877476451 a composite number?
False
Is 61632336283 a composite number?
True
Is 20965232731 a composite number?
False
Is 1506189323 a composite number?
True
Is 4225124963 a composite number?
False
Is 447548399 prime?
False
Is 1982028911 composite?
True
Is 674043389 a composite number?
True
Is 61362331 a composite number?
False
Is 7011041953 composite?
True
Is 55434591721 a prime number?
False
Is 18275559839 a prime number?
False
Is 3278824135 a composite number?
True
Is 4222781213 a composite number?
True
Is 228188321849 prime?
False
Is 1397917187 a prime number?
True
Is 2600781641 prime?
False
Is 30472164901 composite?
False
Is 3565089679 a composite number?
True
Is 49577363 a composite number?
True
Is 1240793273 prime?
True
Is 67290196367 prime?
True
Is 2084331467 a prime number?
True
Is 243058201 prime?
True
Is 11405161379 a composite number?
True
Is 265807273 composite?
False
Is 1410508129 composite?
False
Is 1195143233 prime?
True
Is 1447188829 a composite number?
False
Is 17087663371 composite?
False
Is 1264909783 composite?
True
Is 24000220357 a prime number?
True
Is 7244083373 composite?
True
Is 2236800127 prime?
True
Is 2673862861 a composite number?
True
Is 343901099 a prime number?
False
Is 550232231 composite?
False
Is 16049352697 a composite number?
True
Is 46009714871 composite?
False
Is 24157636655 composite?
True
Is 9914069177 prime?
False
Is 136932387703 a composite number?
False
Is 16219241561 a composite number?
True
Is 180839733 a composite number?
True
Is 41878853557 a composite number?
False
Is 33454365667 a composite number?
False
Is 486213643 a composite number?
False
Is 129877684091 a prime number?
True
Is 562636079 prime?
True
Is 2284000819 a prime number?
False
Is 585242621 composite?
False
Is 242515409 a prime number?
False
Is 34234484971 composite?
False
Is 414597151 a prime number?
True
Is 81358898813 prime?
True
Is 6644885339 a prime number?
False
Is 1239640639 a prime number?
True
Is 11354314939 a prime number?
False
Is 3073326617 prime?
False
Is 188777947 prime?
True
Is 38611143589 composite?
True
Is 8184998191 a composite number?
False
Is 16009240021 a composite number?
False
Is 138539047 a prime number?
True
Is 56728714687 a prime number?
True
Is 36651121643 a prime number?
False
Is 1325135419 composite?
True
Is 1294729073 composite?
True
Is 11879365951 prime?
True
Is 130410585941 a prime number?
False
Is 72331534007 a composite number?
True
Is 43045204393 a composite number?
False
Is 18518155907 a composite number?
False
Is 1593978754 a composite number?
True
Is 204873281 a prime number?
True
Is 1324541567 a prime number?
True
Is 1997139253 composite?
True
Is 6134307519 a composite number?
True
Is 4132833857 a composite number?
True
Is 18984495529 a composite number?
False
Is 2453578273 a composite number?
True
Is 5402203141 composite?
False
Is 819889801 composite?
False
Is 14106093737 a composite number?
False
Is 29000599 composite?
False
Is 24354153383 prime?
False
Is 2115476683 a composite